t is the units digit of f?
8
Let t be 22/(-4)*40/(-110). Let b = t - -112. What is the units digit of b?
4
Let s(x) = x**3 - 3*x**2 - 7*x - 1. Let m be s(5). Let v = m + 12. Let g = v - 7. What is the tens digit of g?
1
Let n(s) = 6*s**2 - 46*s + 26. What is the hundreds digit of n(13)?
4
Let d(l) = -2*l**3 - 5*l**2 - 6*l. Let h be d(-5). What is the units digit of h/(-2)*(-16)/20?
2
Suppose -586*f - 4854 = -589*f. What is the hundreds digit of f?
6
Let k(f) = -f**2 - 8*f + 4. Suppose -p - 6*l = -l - 2, 2*l + 28 = -4*p. Let u be k(p). Suppose -o = -2*h + 4, h - u*o + 5 = -0*o. What is the units digit of h?
3
Suppose 12*q + 2*q = 616. What is the units digit of q?
4
What is the tens digit of (-7)/((-7)/(-66))*(-2666)/124?
1
Let d(u) = u**3 + 19*u**2 + 28*u + 54. What is the units digit of d(-17)?
6
Suppose 3*u + 1525 = 4*g, 243 = 2*g + 3*u - 506. What is the units digit of g?
9
Let x(y) be the third derivative of y**6/120 + 2*y**5/15 - 5*y**4/6 + 5*y**3/6 + 5*y**2. What is the hundreds digit of x(-9)?
1
Let o(g) = 17*g**2 + 29*g - 21. Let k(q) = 3*q**2 + 6*q - 4. Let c(f) = -11*k(f) + 2*o(f). Let l be (-3)/(1 - 26/20). What is the units digit of c(l)?
2
Let r = 15 - 9. Suppose -r*p + 60 = -3*p. What is the tens digit of p - (-3 + 1 + 0)?
2
Let o be ((-4)/(-3) - 2) + (-52)/(-6). Let r(k) = -k**3 + 8*k**2 + 8*k + 4. What is the units digit of r(o)?
8
Suppose -5*d - 384 = -939. Let t = 195 + -27. Let r = t - d. What is the tens digit of r?
5
Let f(b) be the second derivative of b**3/6 - 11*b**2/2 - b. Let d be f(12). What is the tens digit of ((39 - d) + 2)*1?
4
Let y(t) = t**2 - 17. Let x be y(0). Let m = -15 - x. Suppose 3*z + m*u = 13, -z = -2*u + 4*u - 7. What is the units digit of z?
3
Let v(a) = 9*a - 5. Let n be v(1). Suppose -68 = -4*m - n*y + 24, 0 = -4*y - 8. What is the tens digit of m?
2
What is the hundreds digit of (3/3 - (-6 - -12)) + 3888?
8
Let o(h) = 2*h - 15. Suppose -5*d + 40 = -d. Let b be o(d). Suppose z = -4*z + b. What is the units digit of z?
1
Let k = 188 - 82. What is the hundreds digit of k?
1
What is the hundreds digit of 13 + (-22278)/12*-2?
7
Let a = -12 - -14. Suppose -3*v - a = -233. What is the tens digit of v?
7
Let k be (1/(-2))/(6/(-132)). Suppose -k*p = -6*p - 675. What is the tens digit of p?
3
Suppose -5*t - 5*x + 758 = -6*x, -4 = -2*x. Suppose 0 = 221*m - 219*m - t. What is the tens digit of m?
7
Suppose 5*a + 10 + 21 = 3*q, q = 5*a + 27. Suppose -3*v - f = -190, -3*v - 3*f = -6*f - 174. Suppose 4*w - v = q*w. What is the tens digit of w?
3
Let g = -7159 - -10753. What is the thousands digit of g?
3
Let x be (-6)/(-10) - 289/(-85). Suppose -3*w + 230 = -v, 2*v + 1 = x*w - 305. What is the units digit of w?
7
Let f be (-3 - 4/(-2))*-5. Suppose -f*c = -c + 4*n - 236, c - n - 63 = 0. What is the tens digit of c?
6
Let p = 623 - 216. Suppose 6*a - p = a + f, -a + 5*f = -91. What is the tens digit of a?
8
Let c(r) = -6 - 5*r**2 + 0 + 9*r + 14. Let y(w) = 4*w**2 - 9*w - 9. Let o(x) = 3*c(x) + 4*y(x). What is the tens digit of o(11)?
1
Let x(p) = 12 - p + 4*p - p**2 - 3*p - 12*p + 2*p. Let g = -9 - -2. What is the units digit of x(g)?
3
Suppose -6*t = -7*t - 17. What is the hundreds digit of (1/(-1))/((-1)/t)*-8?
1
What is the units digit of -151*71/(-9) + 36/(-162)?
1
What is the units digit of (975*(-4)/6)/(-1 - 1)?
5
Suppose 0 = 2*n - 2*n + 2*n. Suppose -k - 5*c + 159 = -27, n = k + c - 186. What is the hundreds digit of k?
1
What is the units digit of (-1017)/(-6)*(-120)/(-36)?
5
Suppose 3*v + f - 11 = 0, 0*v - 3*f - 17 = -v. Let h = -38 + 49. Suppose 2*s + v*u + 2 = 3, -2*s + 5*u = -h. What is the units digit of s?
3
Let x be (-2)/(-2*(-2)/(-34)). Let k be (-5 - 1)*2 - (2 - 5). Let l = x - k. What is the units digit of l?
6
Suppose 25 = 6*c - c. Suppose 0 = v - c*k - 14, 4*v + 5*k - 2 = 4. Suppose 3*p = -0*p + 4*g + 102, -g = v*p - 117. What is the units digit of p?
0
Suppose 5*o + 11 = -9. Let f be 220*1*6/o. What is the units digit of (-15)/(-35) + f/(-14)?
4
Let r(u) = u**3 - u**2 + 3. Let p be r(0). What is the units digit of -33*((-2)/p + 0)?
2
Suppose 0 = -3*m + 2*i - 3*i - 32, -5*i = m + 6. Let g be (6/(18/105))/(3 + -2). Let u = g + m. What is the units digit of u?
4
Let j be ((-6)/15)/(1/(-10)). Suppose 0 = -0*d + 4*d + j*m - 80, 110 = 5*d + 3*m. What is the tens digit of d?
2
Suppose -5576 = 14*w - 22348. What is the units digit of w?
8
Let w be 8 - -4*(-2)/4. Let r be (-1 - (w + -4))*-17. Suppose -3*a + r = -2*a. What is the units digit of a?
1
Let w = 106 + -104. Let l(t) = 11*t. Let n be l(4). Suppose -3*i - 5*x = -68, 4*i - 2*i + w*x - n = 0. What is the units digit of i?
1
Let f(h) = h - 2. Let d be f(-3). Let y(n) = n**2 + 2*n - 6. Let g(b) = 2*b**2 + 3*b - 13. Let r(w) = -2*g(w) + 5*y(w). What is the units digit of r(d)?
1
Let h(b) = -13*b**2 + 3*b + 4. Let k(o) = -o**2 + o - 1. Let j(i) = -h(i) + 2*k(i). What is the units digit of j(3)?
0
Suppose 0 = -5*o + 8977 + 8663. What is the tens digit of o?
2
Suppose -67 = -4*l + 681. What is the hundreds digit of l?
1
Let m(j) = -j**3 + 17*j**2 - j - 14. Let k(x) = 2*x**3 - 35*x**2 + x + 29. Let b(n) = 6*k(n) + 13*m(n). What is the units digit of b(10)?
2
What is the tens digit of 229/((-3)/(-42)*7)?
5
What is the tens digit of -60*2*7/(-28)?
3
Let n = 1699 + -391. What is the tens digit of n?
0
Suppose -16*r + 756 = -12*r + 3*w, -4*w + 752 = 4*r. What is the tens digit of r?
9
Suppose 3*v - 5*v = -4*v. Let d(i) = i + 5. Let y be d(6). Suppose 5*w - y - 29 = v. What is the units digit of w?
8
Let i(b) = 190*b**2 + b + 1. Let v be i(1). Suppose -v - 258 = -6*r. What is the tens digit of r?
7
Suppose 5*n - 12 = -2. What is the units digit of 64/56 + n/(-14)?
1
Suppose 4*j + 235 + 817 = 4*z, 5*j + 10 = 0. What is the tens digit of z?
6
Let p = -21 - -209. What is the tens digit of p?
8
Let t(n) = -4*n + 24. Let b be t(7). What is the units digit of (-1)/b*4 - -10?
1
Suppose 3509 = 9*h - 1837. What is the hundreds digit of h?
5
Let d = 34 + -29. Suppose 4*j = -v - j + 150, v - d*j - 150 = 0. What is the units digit of v?
0
What is the hundreds digit of 1194 + (1 + 1 - (0 + 0))?
1
What is the tens digit of (-112)/6*93/21*-18?
8
Suppose 0 = 2*r - f - 3*f, -4*r + 18 = -2*f. Let l be (-12 - -12)/(2 - -1). Suppose -r*m + l = -126. What is the tens digit of m?
2
Let p(k) = 3*k**2 - 4*k + 5. Let s be p(1). Let u(r) = 49*r - 20. What is the units digit of u(s)?
6
Suppose -10 = 5*y, 4*g - 5*y - 19 = 23. Suppose g*n = 6*n + 134. What is the units digit of n?
7
Suppose 3*w = -w. Let v(i) = -i**2 - i + 50. What is the units digit of v(w)?
0
Let o(h) = 16*h - 3. Let r(m) = 15*m - 2. Let l(t) = 3*o(t) - 4*r(t). What is the tens digit of l(-2)?
2
Suppose 0 = -2*b + 6, -4*h + 7*b = -4191 - 4152. What is the units digit of h?
1
Suppose 96*d - 585 = 91*d. What is the tens digit of d?
1
Suppose -25 = 6*n - 13. What is the units digit of ((-3)/n - -1)*(-822)/(-15)?
7
Suppose -4*f + 836 = 2*n + 2*n, 16 = -4*n. What is the tens digit of f?
1
Let l(u) = u**3 + 10*u**2 - 11*u + 14. Let w(d) = -d**3 - 9*d**2 - 9*d. Let x be w(-8). Suppose -6*m + 22 = -x*m. What is the tens digit of l(m)?
1
Let r = 297 + -146. Suppose 2*w = 29 + r. What is the units digit of w?
0
Suppose -2*w + 36 = -0*w - c, c - 18 = -w. Suppose w = 2*b - 5*d, -4*d = 2*b - d - 2. What is the units digit of b?
4
Let u(t) = 138*t - 8. Let f be u(-9). Let g be (-12)/(-16) - f/8. Suppose -45 = 4*i - g. What is the tens digit of i?
2
Suppose -2*s - 1 = -s, 2*s = -5*k + 8. What is the tens digit of (-1 - -11)*(k - 1)?
1
What is the tens digit of 15*2/5 - (-1 + -202)?
0
Let i = 39 - 21. Suppose i*s - 774 = 9*s. What is the tens digit of s?
8
Let l = -70 + 72. Let a(b) = b - 1. Let s be a(3). Suppose -9 = -n + 4*p, l*n - s*p = 2*p + 10. What is the units digit of n?
1
Let x(v) be the first derivative of v**3/3 + 2*v - 12. What is the tens digit of x(4)?
1
Suppose 0*x - z + 20 = x, -5*x + 5*z + 150 = 0. Suppose 2*c - 2*b = 12, 4*b + b + x = 0. What is the units digit of c?
1
Let g(z) = z**3 + 14*z**2 + 7*z + 29. Let w be g(-14). Let f = w + 200. What is the units digit of f?
1
Let r(l) be the first derivative of l**3/3 - 3*l**2/2 - 2*l + 49. Suppose b + 10 = 2*z + 4*b, -4*b - 20 = -4*z. What is the units digit of r